-1
What is -12 + (9 - -2) - (0 + -6)?
5
Calculate -5 - (2 + 1 - 5 - 1).
-2
(7 - -1) + 42 + -58
-8
What is the value of -19 + 7 + (11 - 1)?
-2
What is the value of -4 + 1 - (4 - (-1 + 4))?
-4
8 - (-1 + (3 + -1 - -3))
4
What is the value of (2 - -1) + (-7 - -4)?
0
What is the value of 68 + -71 - (-8 - -1)?
4
What is the value of -5 + (4 - (3 + 0))?
-4
(-11 + 9 - (3 + 1)) + -3
-9
Calculate 0 + (4 - (2 + 1 + -4)).
5
What is the value of -4 + (14 - (-10 - -21))?
-1
What is the value of 2 + -10 + 16 + -6?
2
Evaluate -2 - (-5 + 5) - 0.
-2
-4 - (1 + -4 + -4)
3
What is the value of (3 - 12) + 11 + -2 + -4?
-4
What is the value of (-2 - (-2 - 0)) + (-4 - 0)?
-4
4 - (5 + -6 + 6)
-1
Calculate -1 - -4 - (0 - -8).
-5
2 + -6 + 2 - (2 - 9)
5
Evaluate 1 + 1 + 0 + 3 + -1.
4
What is the value of -12 - (3 - (13 - 3))?
-5
What is (-21 - (1 + -15)) + 10?
3
-3 + -6 + (18 - 3)
6
Evaluate (8 - (4 + -5) - 6) + -3.
0
What is the value of (-1 - -1 - -8) + -2 + -1?
5
What is the value of -6 + 5 + -4 + 17 - 6?
6
Calculate 20 - 15 - (-2 + 2 + 1).
4
Calculate (-7 - 0 - -7) + 3.
3
Evaluate (-26 - -8 - -10) + 3.
-5
Calculate (5 - -4 - 5) + -5 + 0.
-1
Calculate -3 + (4 - 2) + 2.
1
What is (0 - (1 + -5)) + -3?
1
What is -2 + 1 + 5 + 2 + -10?
-4
(4 - 2) + 0 + (-5 - -1)
-2
Evaluate 0 + 0 + 7 + -6 + 4.
5
Calculate -64 + 67 - (-1 - -10).
-6
Evaluate (-1 - 0) + 3 + 3.
5
What is 1 + (7 - (2 + 2))?
4
Evaluate 2 - -2 - (-20 - -28).
-4
Calculate -10 + 9 + 4 + -2.
1
What is the value of (0 + 10 - 12) + 8?
6
-1 + 1 - (10 + (6 - 11))
-5
What is (4 - -1) + (3 + -6 - -1)?
3
Evaluate (0 - (-3 + 0) - -3) + -4.
2
Evaluate (1 - (2 - 5)) + 0.
4
Calculate (13 - 3) + -15 - (-2 - 2).
-1
What is the value of 1 - (1 - 2) - -2 - 3?
1
What is the value of -1 + -1 + (0 + 3 - -3)?
4
What is -4 + (0 - 3) + 16 + -5?
4
What is -5 + -1 + (-2 - (5 + -9))?
-4
What is the value of (-1 - 0 - (-37 - -42)) + -4?
-10
Calculate 0 - -2 - (0 + 2).
0
(-23 - (-7 + -5)) + 20
9
Calculate 0 + 4 + (-16 - -14) - 5.
-3
(-2 - (-4 + 7)) + 5
0
What is the value of (0 - -2) + (2 - 0)?
4
(-9 - (-2 - 9)) + 1
3
Evaluate -4 + (-1 - (4 + -5) - -2).
-2
Evaluate -13 - (4 + -9 + (0 - 1)).
-7
Evaluate (-2 - -3) + (1 - 5).
-3
Calculate -8 - -6 - (-3 + 3).
-2
Evaluate 4 - (4 + -11 - -6).
5
What is the value of -4 + 0 - -6 - 3?
-1
What is the value of 9 + (-1 - 10 - (5 - 11))?
4
5 - (-8 + (21 + -3 - 7))
2
Calculate 3 - (-11 - (-2 - 15)).
-3
(2 - -2 - 1) + -4
-1
Calculate (-5 - (-4 - -3)) + 10.
6
4 + (-3 - (5 + -1))
-3
3 - 2 - ((0 - 4) + 5)
0
What is 14 + -7 + -3 - 8?
-4
5 - (0 + 2 - -1)
2
What is the value of -9 + (-5 - -11) + (-2 - 0)?
-5
Calculate (-11 - 0) + (57 - 49).
-3
Calculate -34 + 22 + 2 + 14.
4
What is the value of (-4 - (0 + -5)) + 5 + -1?
5
Calculate 5 - 4 - (5 + -5 + 5).
-4
What is the value of -2 - (-2 + -6 + 9)?
-3
Evaluate 73 + -79 + (2 + 9 - 0).
5
Evaluate 6 - (2 - (7 - 6)).
5
0 + 2 + -2 - (21 - 20)
-1
Calculate -2 - (0 + -5) - 0.
3
Evaluate (1 - 0 - 5) + -721 + 726.
1
Calculate (2 - (-5 + 1)) + (4 - 8).
2
What is 2 - 3 - ((-2 - 1) + 0)?
2
Calculate -8 + 20 + -6 + 1.
7
What is the value of (-2 - -2) + -2 + 1?
-1
Calculate (2 - 9) + (-18 - -24).
-1
What is 18 + (-2 - 10) - (2 + 9)?
-5
What is -3 + (-2 + 2 - 2 - -2)?
-3
-6 - (-2 + 4 + -5)
-3
Evaluate -5 + (17 - (5 - -3)).
4
-1 - (-6 - -3) - 5
-3
What is (-9 - (-24 + 0)) + -10?
5
-7 + 1 + (-23 - -31)
2
What is the value of -11 + 9 - (-15 + 7)?
6
-6 - -19 - 6 - 1
6
Evaluate -1 + 4 - 2 - (0 + 2).
-1
Evaluate (0 - (0 - 0)) + -1.
-1
-22 + 3 + 5 + 8
-6
Evaluate -3 + (-6 - -5) + -1.
-5
What is 20 + -11 - (2 + -2)?
9
Evaluate -1 + 0 - (1 + 0).
-2
4 + -4 + -2 + -3
-5
Calculate (-4 + -4 - (5 - 9)) + 3.
-1
Calculate 4 - (2 - 1) - -1.
4
Evaluate 0 + (-1 - 0 - 3).
-4
-3 - (7 + -1 - 5) - -4
0
What is (0 + -2 - 0) + -55 + 60?
3
What is the value of -8 - (2 + -2) - (-122 + 110)?
4
(3 - (-2 - -2)) + 10 + -15
-2
Evaluate (16 + -5 - 2) + -12.
-3
What is the value of 21 + -17 + (2 - 1)?
5
1 + (0 - -2) + 0
3
What is 7 + (-11 - (-3 - 11))?
10
What is the value of 2 + (-6 - -2) + (-2 - -1)?
-3
What is the value of -8 + 4 + -3 + 12?
5
What is the value of 1 - -4 - 7 - -2?
0
What is the value of (2 - -5) + -8 - 4?
-5
4 + 2 + -2 + (-57 - -59)
6
What is 4 + -2 + -6 + 3?
-1
-5 - (8 - 7) - -6
0
6 + (-4 - 1) - (-1 - -1)
1
What is the value of -3 + 8 + 2 + -17?
-10
Calculate -14 - -9 - (2 + (0 - 1)).
-6
What is the value of -2 + 3 + 0 - (29 - 23)?
-5
What is the value of 3 - -2 - -6 - 6?
5
What is the value of 2 + 2 + -5 + (1 - 4)?
-4
What is (-1 - -5) + (-2 - -3)?
5
Evaluate -2 + 0 + (-4 - 4) + 12.
2
Calculate 5 - (3 + (2 - 7) - -6).
1
2 + -10 + -3 + (2 - -2)
-7
What is the value of 5 - (0 - -15) - 4 - -7?
-7
What is the value of (-2 - -1 - 4) + 39 + -34?
0
What is 0 + -3 + -28 + 25?
-6
What is (-9 - -1 - -2) + (-4 - -19)?
9
What is the value of 8 + (-4 + 1 - (-16 - -14))?
7
1 + -4 + 1 - 2
-4
What is -4 + -7 + 7 + 11?
7
What is 7 - (-1 + 1 + (-3 - -5))?
5
Calculate 8 + (-2 - -1) + 2 + -3.
6
Calculate -2 - (-1 + (-1 - 2)).
2
Evaluate (3 - 3) + -6 - (-29 + 15).
8
-13 + 7 + (10 - -1)
5
What is the value of -4 + -4 + 5 + 1?
-2
What is the value of 1 - (3 - (-2 + (6 - 3)))?
-1
Evaluate (6 - 0) + (17 - 34 - -17).
6
What is 79 + -78 - (-2 - (-1 - 4))?
-2
Calculate 0 + (3 - 1 - 1 - 0).
1
What is (3 - 9) + 5 + -4?
-5
-5 + (-1 - (5 - 14))
3
Evaluate 0 + 1 - (-7 - -3).
5
Evaluate -7 + 5 + 6 - -2.
6
Calculate -9 + 2 + 0 + 14.
7
Calculate (0 - -1 - 1) + 4 + -2.
2
Evaluate 0 - (6 + -10 + 2) - 0.
2
Evaluate -7 - -3 - (0 - 0).
-4
What is (10 - -3 - 8) + -10 + 2?
-3
What is -4 + (4 - (7 + -9))?
2
0 + -1 + (-2 - -4)
1
Calculate -2 + (-10 - -27 - 8).
7
What is the value of (-9 - -4) + 3 + 1 - 3?
-4
Evaluate 7 - 6 - 6 - -1.
-4
What is the value of (5 - 0) + (19 - 32) + 2?
-6
Calculate -7 + (1 + 3 - -10).
7
Calculate -4 - ((8 - 14) + -4).
6
What is the value of 7 - 9 - (-6 + -2)?
6
-1 - -2 - 1 - (33 - 37)
4
Evaluate (-3 - -9) + (-2 + -6 - -5).
3
What is 34 + -26 - (2 - -1)?
5
Evaluate -5 + -4 + (3 - 1 - -2).
-5
What is 0 + 11 - (-15 + 19)?
7
Evaluate -4 - 0 - (4 - (3 - -7)).
2
1 - (-3 + (11 + -3 - 1))
-3
Evaluate 1 + 1 - (0 - (2 - 7)).
-3
Calculate -4 - -10 - -1 - -1.
8
What is -7 + 17 + -11 + 5 + 0?
4
Calculate (33 - 19 - 12) + (-4 - 1).
-3
What is the value of (-1 - (8 + -4)) + -2?
-7
Calculate -2 + 2 + 2 - (8 + -2).
-4
What is the value of (-18 - -16) + (0 - 3) + 12?
7
Evaluate -5 - -1 - 0 - -2.
-2
0 + 5 + (-1 + 3 - 3)
4
Evaluate -1 + 4 + -2 + -1 + -3.
-3
Calculate 2 + 1 + (-4 - -2) + -6.
-5
What is the value of -6 + 1 + 1 - -9?
5
What is -1 - (1 + -5 + (1 - -2))?
0
Calculate -19 - -6 - (0 - 21).
8
Evaluate 11 + (2 - 5) - 5.
3
Calculate (12 - (10 + -10)) + -11.
1
What is -2 - (-1 + 6 + -1)?
-6
What is the value of -2 - (-8 - (3 + -2)) - 4?
3
Calculate (-8 - -29) + (-14 - -2).
9
What is the value of -6 + 1 - (-3 + 1 + -2)?
-1
Calculate 12 - ((-3 - -12) + -2).
5
What is 3 - (-5 - (-1 + 2 + -4))?
5
7 + 3 - (-2 - -4) - 4
4
Evaluate 0 + 0 - (7 - 6).
-1
Calculate 4 + -3 + 4 + -3 + 2.
4
What is (25 - 20) + (-2 - -2 - 0)?
5
What is the value of (5 - 3) + 2 - 0?
4
Evaluate (70 - 62) + (-15 - -1).
-6
-54 - -53 - (-1 + -7)
7
What is (18 - 3) + -14 - (1 - -4)?
-4
What is the value of (-4 - -9) + -5 + 1 + -5?
-4
What is the value of -4 + (3 - (-2 + 5))?
-4
Calculate (-13 - (-5 - 1) - -3) + -4.
-8
1 + 11 + -7 - (-4 + 2)
7
Calculate 9 + 3 + -10 + (-1 - 1).
0
-4 - (-12 + 7 - -6)
-5
Evaluate (1 - (-3 + 6)) + 1 + 2.
1
What is the value of 2 + 0 + -1 + (-6 - -3)?
-2
What is 7 + -5 + (1 - -4 - 3)?
4
-2 - (-4 + 1 + -4 + 4)
1
Calculate 2 + 1 + 1 + (10 - 13).
1
What is -52 + 56 - (12 + (1 - 1))?
-8
Calculate -3 - -8 - ((-1 - -6) + 1).
-1
Evaluate (6 - 11) + -5 + 14.
4
-3 + 2 + 0 + -1
-2
What is the value of (-2 - 4) + (4 - 1)?
-3
What is -6 + (-9 + -3 - -22)?
4
Evaluate 0 + (5 - 0) - (-1 + 2).
4
Calculate 3 + -6 - (-1 - -2).
-4
What is the value of -8 - (-13 + (8 + -11 - 1))?
9
Calculate 6 + -11 + 3 + 3.
1
What is the value of -2 - (6 + -4 - (0 - -4))?
0
What is the value of -1 + 2 + (-2 - (4 - 4))?
-1
What is the value of (0 - 0) + 3 + 2 + -1?
4
What is the value of 5 - ((11 - 2) + 1)?
-5
Calculate (7 - (-1 - -4 - 1)) + 3.
8
-10 + (1 + -2 + -1 - -8)
-4
Calculate 5 + -2 + -9 + (10 - 4).
0
Evaluate (-4 - -10 - 10) + 9 - 0.
5
(6 - -1) + -2 + 1 